{"id":2,"date":"2018-09-03T19:42:29","date_gmt":"2018-09-03T19:42:29","guid":{"rendered":"http:\/\/ugelputina.edu.pe\/site\/?page_id=2"},"modified":"2024-11-14T23:31:14","modified_gmt":"2024-11-15T04:31:14","slug":"pagina-ejemplo","status":"publish","type":"page","link":"https:\/\/ugelputina.edu.pe\/site\/?page_id=2","title":{"rendered":"Nosotros"},"content":{"rendered":"<p style=\"text-align: center;\"><span style=\"color: #000080;\"><strong>Bienvenida del\u00a0DIRECTOR<\/strong><\/span><\/p>\n<p>Bienvenidos a la p\u00e1gina web de la Unidad de Gesti\u00f3n Educativa Local de San Antonio de Putina, en este espacio virtual encontraras toda la informaci\u00f3n institucional y principalmente las actividades que tenemos programadas con la finalidad de mantener una fluida comunicaci\u00f3n.<\/p>\n<p>Conscientes de la importancia que tiene la tecnolog\u00eda de la informaci\u00f3n y de la comunicaci\u00f3n, asumimos el reto de hacer uso de este medio para poner a disposici\u00f3n de la comunidad educativa de la provincia de Putina, una alternativa para mejorar los flujos de informaci\u00f3n y al mismo tiempo ofrecer recursos pedag\u00f3gicos que nos ayuden a mejorar la calidad de los aprendizajes que contribuyan a formar mejores ciudadanos que aporten al desarrollo y engrandecimiento de nuestra provincia, la regi\u00f3n y del Pa\u00eds.<\/p>\n<p>En el marco de la modernizaci\u00f3n de la gesti\u00f3n encaminados al gobierno electr\u00f3nico, la UGEL San Antonio de Putina, se ha propuesto extender sus servicios v\u00eda virtual en un corto a mediano plazo, para as\u00ed lograr simplificar los tr\u00e1mites en beneficio de los usuarios, como el seguimiento de los expedientes, documentos de gesti\u00f3n, convocatorias y la informaci\u00f3n de las \u00c1reas y Oficinas de la Instituci\u00f3n, con la finalidad de poder contribuir en la eficiencia de la gesti\u00f3n.<\/p>\n<p>Esperamos que este medio ayude a mejorar la calidad de la informaci\u00f3n, la atenci\u00f3n a los usuarios y sobre todo que nos ayude a simplificar los tr\u00e1mites en funci\u00f3n a los manuales de procedimientos y funciones de una manera din\u00e1mica, para ello estaremos atentos a vuestras sugerencias. \u00a1\u00a1\u00a1 Muchas gracias por visitar nuestra p\u00e1gina !!!<\/p>\n<p><span style=\"color: #000080;\"><strong>Prof. Wilfredo Chura Alejo<\/strong><\/span><\/p>\n<p><span style=\"color: #000080;\"><strong>Director<\/strong><\/span><\/p>\n","protected":false},"excerpt":{"rendered":"<p>Bienvenida del\u00a0DIRECTOR Bienvenidos a la p\u00e1gina web de la Unidad de Gesti\u00f3n Educativa Local de San Antonio de<\/p>\n","protected":false},"author":1,"featured_media":0,"parent":0,"menu_order":0,"comment_status":"closed","ping_status":"open","template":"","meta":{"footnotes":""},"class_list":["post-2","page","type-page","status-publish","hentry"],"_links":{"self":[{"href":"https:\/\/ugelputina.edu.pe\/site\/index.php?rest_route=\/wp\/v2\/pages\/2","targetHints":{"allow":["GET"]}}],"collection":[{"href":"https:\/\/ugelputina.edu.pe\/site\/index.php?rest_route=\/wp\/v2\/pages"}],"about":[{"href":"https:\/\/ugelputina.edu.pe\/site\/index.php?rest_route=\/wp\/v2\/types\/page"}],"author":[{"embeddable":true,"href":"https:\/\/ugelputina.edu.pe\/site\/index.php?rest_route=\/wp\/v2\/users\/1"}],"replies":[{"embeddable":true,"href":"https:\/\/ugelputina.edu.pe\/site\/index.php?rest_route=%2Fwp%2Fv2%2Fcomments&post=2"}],"version-history":[{"count":3,"href":"https:\/\/ugelputina.edu.pe\/site\/index.php?rest_route=\/wp\/v2\/pages\/2\/revisions"}],"predecessor-version":[{"id":275,"href":"https:\/\/ugelputina.edu.pe\/site\/index.php?rest_route=\/wp\/v2\/pages\/2\/revisions\/275"}],"wp:attachment":[{"href":"https:\/\/ugelputina.edu.pe\/site\/index.php?rest_route=%2Fwp%2Fv2%2Fmedia&parent=2"}],"curies":[{"name":"wp","href":"https:\/\/api.w.org\/{rel}","templated":true}]}}